*b = -4*n + 3*b, 0 = 4*n - 3*b - 14. Suppose -5*j + 20 = -0*j. Is n + 0 + j*5 a composite number?
True
Let x be (-786)/9*(-6)/4. Suppose 4*w - 4*r = w + x, -16 = -4*r. Is w a prime number?
False
Let q(l) = l**2 + 282. Let o be (1 + -1 + 0)/2. Let r be q(o). Is (-6)/(-9)*r/4 a prime number?
True
Let b(v) = -v**3 + 11*v**2 + 2*v - 8. Let a(h) = -h + 3. Let y be a(0). Let r be (-24)/(-9)*y - -3. Is b(r) a prime number?
False
Let b = 0 + -6. Let u be (-272)/b + (-2)/(-3). Let z = -25 + u. Is z a composite number?
True
Let s(w) = 141*w**2 - 3*w - 13. Is s(5) prime?
False
Suppose -4*k = -17 + 1. Suppose -k*l + 318 = -190. Is l composite?
False
Is 541*1*(2 - 1/(-1)) a composite number?
True
Suppose 2853 = 4*p - 431. Is p composite?
False
Suppose -2*l + 26 = 2*u, 3*l - u + 45 = 8*l. Let r = -6 + l. Suppose 0 = -5*b, 4*b - 30 = -2*q + r*b. Is q a prime number?
False
Let p = -9 + -6. Is (-3153)/(-5) + (-6)/p a composite number?
False
Let k = -126 - -216. Let p = k - 62. Let y = -7 + p. Is y a prime number?
False
Suppose n + 3 - 6 = 0. Suppose 5*x = 2*z - 15, -4*x = -2*z - n*z + 29. Suppose -z*o - f + 395 = 0, 2*f = 3*o + 4*f - 237. Is o composite?
False
Is ((-7)/2)/((-15)/7530) prime?
False
Let i be (-4 - (308 + -1))*-1. Let h = i - 180. Is h prime?
True
Let m = -61 - -71. Let l = 5 - 2. Let t = m - l. Is t composite?
False
Let q(p) = -p**2 - 5*p + 3. Suppose 2*i - 7*i = -50. Suppose -n + 5*s + 11 = 0, -4*n - i = -0*s - 2*s. Is q(n) a composite number?
False
Suppose -j - l = -5*j + 128, 0 = -5*j + 5*l + 175. Is j composite?
False
Suppose 2*u - 3*m = -4*m + 1, 5*u = 4*m + 22. Suppose 0 = y + 5*l - 163, 0 = -5*y - 4*l + 1131 - 253. Is (u - 0)*y/4 composite?
False
Suppose -2*q - 2*x + 13 = q, -3*x = q - 9. Suppose q*z - 2537 = -434. Is z prime?
True
Let d = 457 + 294. Is d composite?
False
Let n = 15 + -3. Let t be (3/(-2))/(n/(-16)). Suppose j = -h + 26, 3*j + 2*h + t*h = 81. Is j prime?
True
Let u(b) = 57*b**3 - 3*b + 2. Let x be u(2). Let h = x + -67. Suppose -a + 6*a = h. Is a composite?
True
Let a(l) = -1245*l + 2 + 1249*l - 2 + 3. Let o(p) = 3*p + 1. Let b be o(1). Is a(b) a prime number?
True
Let f = 3418 + -2073. Is f a composite number?
True
Let d = 6 - 2. Suppose 2*y + d = -0*y. Is (2 + -1)/(y/(-226)) prime?
True
Suppose 3*l - 4 = 2*j, -j = 3*l + j + 16. Is (l/(-4))/((-3)/(-132)) a composite number?
True
Suppose 5*z - z = 3*w + 107, -4*z = 2*w - 82. Suppose -8 = -5*h - s + 42, -2*h - s + z = 0. Suppose 3*r + h - 162 = 0. Is r a composite number?
True
Let z be 9/(-2)*12/2. Let i = 4 + z. Let w = 38 + i. Is w a composite number?
True
Let n(d) = d**2 - 6*d + 4. Let m be n(6). Suppose m*f = 2*o + 32, 5*o - 4*f + 40 = -2*f. Is (-4)/(-6) - 110/o prime?
True
Let g = 73 + -114. Let n(d) = -3*d - 7. Let w be n(5). Let h = w - g. Is h a prime number?
True
Let m be (-1)/(-2)*6 + 3. Is (-7)/(-21) - (-58)/m prime?
False
Let a(x) = x**3 + 10*x**2 - 3*x - 8. Is a(-10) composite?
True
Suppose -3*p + 263 = -t, 2*p + 4*t = 6*p - 340. Suppose j + p = 2*j. Is j a prime number?
True
Suppose 2 = d - 4. Suppose -5*x + 2*s = 102, d*s - 2*s = -5*x - 126. Is x*((-3)/(-6))/(-1) prime?
True
Let s = 12 - 20. Let v be (-6 - s)/(1/(-2)). Is (-81)/(-12) + 3/v prime?
False
Let t(p) = 8*p - 5 + 9*p + 7*p. Suppose 0 = 5*b - 13 - 7. Is t(b) a composite number?
True
Suppose 35 = 2*r + 3*r - 4*f, 2*r - 11 = f. Suppose r*q - 8 = -5*g, -40 = -0*g - 5*g + 5*q. Is g prime?
False
Let v = -6 + 10. Let m = 397 - 159. Suppose -3*l = 2*y + 2*l - m, v*y - 4*l = 476. Is y a prime number?
False
Suppose m = -4*i + 13, -6*i + 3*m = -i + 5. Suppose -3*v + 5*z + 11 + 54 = 0, 2*z + 2 = 0. Suppose -30 = -i*f + v. Is f a composite number?
True
Suppose 2*g - 9557 = -5*i, -3*g + 4*i = -0*i - 14393. Is g a prime number?
False
Let b = -765 + 1328. Is b a composite number?
False
Let i = 5842 - 3693. Is i a prime number?
False
Suppose 3*a + t - 3 = 5*t, 25 = 2*a + 5*t. Suppose 4*k = 2*b - 46, 2*b = -2*b + a*k + 107. Suppose 2*u + u = b. Is u prime?
True
Suppose 0 = -4*k - 3*i + 3322, 3*k + 2*k + 5*i = 4155. Is k a composite number?
False
Suppose 0 = -5*d + g + 4*g + 15, 0 = -d - 4*g - 12. Suppose -114 = -d*h - 3*h. Is h prime?
False
Suppose 4*k - 3*q = 2*q + 1053, 0 = k - 4*q - 277. Is k a prime number?
True
Let u(l) = -l**2 - 6*l - 2. Let d be u(-4). Let n(v) = v**3 + 8*v**2 + 5*v - 1. Let m be n(-7). Let y = d + m. Is y composite?
False
Suppose 3*z = -4*t + z + 6, -4*t + 5*z = 1. Let v(p) = -2*p - 1 - 1 - 58*p**3 + t. Is v(-1) composite?
False
Let u(m) = 3*m**2 - 2*m + 4. Suppose 12 = -0*h + 4*h. Is u(h) composite?
True
Suppose m - 5*i = -0*m - 39, -62 = 3*m - 4*i. Let f = 28 + m. Let u = 8 + f. Is u composite?
True
Suppose -r = -2*u + 460 + 18, 1201 = 5*u - r. Suppose -5*g + u = -o - 54, 4*g - 236 = -o. Is g composite?
False
Let t = 290 + -163. Is t a prime number?
True
Suppose -7 = -4*b + 1. Let k(l) = 3*l**3 - l**2 + l + 1. Let v be k(b). Suppose -s - v = -2*s. Is s prime?
True
Let z(r) = -10*r**2 - 1 + 10*r - 12*r + 88*r**2. Is z(2) a composite number?
False
Is 3 - 2 - (-174 + 12) a composite number?
False
Suppose 3 = -a - 0. Let i be (-1 + a)*(-1)/2. Suppose 0*o + 4*p = -o + 111, -o = -i*p - 111. Is o a composite number?
True
Suppose v + 83 = 4*v - 2*h, -5*v - 4*h = -131. Let m = v + 28. Is m prime?
False
Is -214*1*12/(-8) a composite number?
True
Let d(i) = i**3 - 7*i**2 + 7*i - 2. Let g be d(6). Let h(a) = -1 + 0 + 4 + 2*a + 3*a. Is h(g) prime?
True
Let a = -68 + 99. Is a a composite number?
False
Suppose -330 = -2*t + i, 9*t = 4*t + i + 819. Is t composite?
False
Let n(q) = -q**3 - 11*q**2 - 14*q - 7. Suppose 4*w - 3*z = -22 - 3, -15 = 2*w - z. Let d be n(w). Let m = d - 18. Is m composite?
True
Suppose -2 = 5*y + 2*k, -4*y - 3 = 2*k - 1. Let m(b) = b**3. Let s be m(y). Let o = s - -7. Is o composite?
False
Let k(s) = -2*s**2 + 2. Let z be k(4). Let x = 109 + z. Is x a prime number?
True
Is (3/(-2) - -2)*2830 + 0 prime?
False
Suppose w - 55 = 55. Suppose 3*a + 2*a - w = -2*m, -2*a + 44 = -4*m. Is a a composite number?
True
Suppose x + x + 120 = 0. Let p = x - -279. Is p prime?
False
Suppose 4*o - 8 = 2*q, q + o + 1 = -0*q. Let h = q + 171. Is h a prime number?
False
Let q(p) be the second derivative of p**5/12 - p**4/24 + p**3/6 - p**2 + p. Let y(n) be the first derivative of q(n). Is y(-2) prime?
True
Suppose -6*q = -7*q + 267. Is q prime?
False
Suppose -5*g + 2816 = 2*h + 2*h, -3*h = 4*g - 2111. Is h a prime number?
True
Let y(z) = 1063*z + 6. Is y(1) prime?
True
Let g(c) = -155*c. Is g(-1) a prime number?
False
Suppose 0 = 5*d + 2*t - 6*t + 173, d = -3*t - 27. Let q = d + 47. Is q a composite number?
True
Let b = -62 - -124. Suppose 4*u - b = 3*u + 3*f, -u = -4*f - 65. Is u a prime number?
True
Let v be (-6)/(-27) + (-25)/(-9). Suppose 0 + v = 3*b. Is (-39)/(1/(-1)*b) a prime number?
False
Suppose -5*o = -4*b - 10791, 2*o + 0*b - 4321 = -3*b. Is o prime?
False
Let y(w) = w**3 + w**2 - 7*w + 1. Is y(6) a prime number?
True
Let u = -459 - -658. Is u prime?
True
Let b = 139 - 26. Is b a prime number?
True
Suppose -2*y + 1309 - 459 = 0. Suppose 50 = -5*u + y. Let r = u + -40. Is r composite?
True
Suppose 8*z = 2*z + 354. Is z composite?
False
Let v(w) = 159*w**2 - 1. Let j be (-2 - -2)/3 - -1. Is v(j) a composite number?
True
Let h = 82 + -34. Suppose -3*z = h - 255. Is z prime?
False
Suppose 0 = -4*b - 4*o + 24 + 16, -2*o + 5 = -b. Suppose 3*u = 4*g + g - 53, b*u + 19 = 3*g. Is g prime?
True
Suppose -g - s + 1847 = 0, 5*g - 5*s = g + 7388. Is g prime?
True
Let g = -4 + 6. Suppose 7 + g = p. Let b = p - -26. Is b a composite number?
True
Let t(s) = 19*s - 4. Let q = 3 - 0. Is t(q) a prime number?
True
Let p(f) = 2*f + 7. Let t = -4 - -10. Suppose 5*g - 3*o = 6 + 15, -g + 4*o = t. Is p(g) a prime number?
True
Let b be ((-612)/(-15))/((-2)/10). Let j be ((-4)/(-3))/(8/b). Let v = j - -99. Is v prime?
False
Let v(j) = j + 16 - 4*j - 11 - 6*j**2. Let z be v(4). Let o = 312 + z. Is o prime?
False
Suppose -4*j + 5*c = -3*j - 939, -3*c + 2745 = 3*j. Is j composite?
False
Let p be -2 - 6*2/(-3). Let o(s) = 5*s - 8*s**3 + 0*s**2 - s**p + 3 - 3*s. Is o(-2) composite?
False
Let h(a) = a**3 + 5*a**2 + 3*a - 3. Let b be h(-5). Let x = b - -37. Is x a composite number?
False
Suppose -2*r = 4*d + 94, -2*d + 5